5, -145 = -2*u + 3*c + 153. What is the greatest common factor of 93 and u?
31
Suppose -98 = -13*h + 682. Let z = -22 + 34. Calculate the greatest common factor of h and z.
12
Let s = 12 - 0. Let w be s/(1 + -5) + 10. Let j = w - -48. What is the highest common factor of 5 and j?
5
Let f(r) = 7*r + 30. Let t be f(-4). Suppose 19 = 2*n + 3*g, 2*n = -0*n + t*g + 34. Calculate the highest common divisor of n and 182.
14
Suppose 4*m + 1 = 9. Let u(s) = 4*s**2 - 5*s + 5. Let c be u(m). Suppose 0 = 4*k + 12, -k + 273 = 3*h - 4*k. Calculate the highest common divisor of c and h.
11
Let g be 10/1*182/14. Let q be (-2)/(-5) - 384/(-15). What is the greatest common divisor of g and q?
26
Suppose -470 = -5*i + 4*u, 5*u + 499 - 24 = 5*i. Let q be ((-10)/3*-6)/(14/21). What is the greatest common divisor of i and q?
30
Suppose 5*y + 10 = 7*y, y - 30 = -p. Calculate the highest common factor of 25 and p.
25
Let m(t) be the third derivative of 13*t**4/8 + 3*t**3/2 - 8*t**2. Let u be m(-5). Let g = u - -285. Calculate the highest common factor of 11 and g.
11
Let o = -1872 - -2312. What is the greatest common factor of o and 33?
11
Suppose 0*k = -k + 1, -2*y + 5*k = -2249. What is the highest common divisor of 23 and y?
23
Suppose -10*l + 2230 = -770. Calculate the highest common divisor of 180 and l.
60
Let h(k) = -9*k + 3. Let s be h(-3). Let m be (-5)/(10/8)*-4. Let c = s - m. What is the greatest common divisor of c and 21?
7
Let m(y) = -y**3 + 5*y**2 - y - 6. Let h be m(4). Suppose -2*i - 1496 = -h*i. What is the highest common divisor of i and 34?
34
Suppose 0 = -5*n + h + 111, -288*n = -285*n + 4*h - 85. What is the greatest common divisor of 3 and n?
1
Suppose 0 = -15*a + 105 + 105. What is the highest common factor of a and 10?
2
Let p = -950 + 979. Calculate the greatest common factor of 1 and p.
1
Let i = 1078 + -1054. What is the highest common divisor of 32 and i?
8
Suppose -3*z = -4*m - 106 - 26, 44 = -2*m - 4*z. Let k = -9 - m. Let v be 12/15*35/2. What is the greatest common factor of k and v?
7
Let n(c) = c**3 + 7*c**2 + c - 41. Let t be n(-5). Calculate the highest common divisor of t and 116.
4
Let r be ((-14)/21)/((-68)/306). Let b(p) = -p**2 + p - 1. Let n be b(3). Let d = -1 - n. What is the greatest common divisor of d and r?
3
Suppose -4*c + 0*o = -5*o - 27, -6 = 2*o. Suppose 2*v - 127 = -c*m, 3*v + 136 = 4*m - v. Calculate the greatest common factor of 39 and m.
39
Let u = 152 - 149. Suppose -2*v - 64 = u*o - 4*o, 2*o = -4*v + 152. What is the greatest common factor of o and 35?
35
Suppose 28*p = 1512 + 1428. Let n = -29 + 44. Calculate the greatest common divisor of n and p.
15
Let s = 300 + -219. What is the highest common divisor of 36 and s?
9
Let o = 96 - 72. Calculate the greatest common divisor of o and 54.
6
Let u be (3 - 15)/(-4) + 437. Suppose 0 = -0*t - 5*t + u. Calculate the highest common divisor of 8 and t.
8
Let m = -554 - -564. Calculate the highest common factor of m and 810.
10
Let x(u) = u**3 - 82*u - 3. Let h be x(-9). Calculate the greatest common factor of 6 and h.
6
Suppose 0 = r + 4*m - 33, -m = -3*r + 36 - 2. Let j = -493 + 948. Suppose -2*c = -7*c + j. Calculate the highest common factor of r and c.
13
Let r be -5*6/75 + 192/5. Suppose -r*u = -42*u + 180. What is the greatest common divisor of 30 and u?
15
Suppose 5*k + y - 316 = 0, 6*k - 312 = k + 3*y. Calculate the greatest common divisor of k and 1.
1
Let a(d) = -64*d**3 + 2*d**2 + 2*d + 1. Let u be a(-1). Suppose -5*k + 32*y - 28*y + 150 = 0, -3*k = 2*y - 68. What is the greatest common divisor of k and u?
13
Suppose 3*r - 242 - 202 = 0. What is the highest common factor of 185 and r?
37
Suppose -s = -4*f + 118, 82 + 13 = 3*f - 4*s. What is the greatest common divisor of f and 551?
29
Let j(f) be the third derivative of f**6/60 - f**5/20 - f**4/6 + f**3/2 + 2*f**2 + 5. Let w be j(3). What is the greatest common divisor of 2 and w?
2
Let m be 2/(2/9 + 0). Suppose 20 = -4*d, 2*k - 3*k - d + m = 0. Suppose g + 336 = 4*g. Calculate the greatest common factor of g and k.
14
Suppose -3*p = 5*c - 50, 5*c - p - 23 - 27 = 0. Calculate the greatest common divisor of c and 530.
10
Let g(m) = m - 2. Let o be g(6). Let y be 81/15 - o/10. Suppose 2 = w + 1. Calculate the highest common factor of y and w.
1
Let m(g) = 7*g**3 - 7*g**2 + 8*g + 2. Let z be m(3). Calculate the greatest common divisor of 19 and z.
19
Let s be -2 + 161 + 5 - 2. What is the greatest common factor of s and 54?
54
Suppose 27 = 4*n - 33. Let c(o) = 2*o**3 + 2*o**2 + o + 2. Let z be c(-2). Let u = n + z. Calculate the greatest common factor of 56 and u.
7
Suppose 14*y - 392 = -56. Let n be 2/5 - 76/(-10). What is the highest common factor of n and y?
8
Let s(h) = -h**2 - 27*h - 161. Let y be s(-11). What is the greatest common divisor of y and 275?
5
Let d(c) = -22*c + 87. Let f be d(2). Calculate the highest common divisor of 559 and f.
43
Suppose -258*p + 259*p = 215. What is the greatest common factor of p and 129?
43
Let u = -8 - -18. Let y(f) = -u + 16*f - 7 + 2 + 3. Let j be y(7). Calculate the greatest common factor of j and 20.
20
Suppose -4*y - 12 = -3*i, 16 = 3*y - 0*i + 4*i. Suppose y = 3*o - 0*o - 21. Let t be (-49)/(-4)*(224/(-14))/(-4). What is the highest common divisor of o and t?
7
Let m be (-8)/14 + 5484/42. Let n be (13 - 1)*(-4)/(-6). Suppose -3*c + 115 - 25 = 3*j, 2*c - n = 0. What is the greatest common factor of m and j?
26
Let y be (224/(-42))/(-8)*(19 + -1). Suppose 5*h - 299 = -3*u + 133, 440 = 5*h + 5*u. Calculate the highest common divisor of h and y.
12
Suppose 0 = 9*z - 6*z - 9. Suppose -72 = z*s - 5*s. Calculate the greatest common divisor of s and 4.
4
Let p = 100 + -32. What is the highest common divisor of 544 and p?
68
Suppose -153 = -16*m + 279. Calculate the highest common divisor of 18 and m.
9
Let f(o) = 12*o + 88. Let y be f(0). Suppose -3*n = -6 - 6. Suppose -5*i - 4*s - n = -36, -5*s + 6 = 2*i. Calculate the greatest common factor of y and i.
8
Let o be ((-4)/(-3))/((-18)/81). Let d be (-2)/(((-6)/(-13))/o). Calculate the highest common factor of 65 and d.
13
Suppose -3*u = 4*b - 4*u - 398, -b + 4*u + 92 = 0. What is the greatest common divisor of b and 160?
20
Let t(m) = m**2 - 11*m + 13. Let a be t(10). Suppose -3*c - 5*f = 11, -3*c + 6*f = 9*f + a. Calculate the highest common factor of c and 21.
3
Suppose 3*n + 308 = -4*c, -126 - 34 = 2*c + 3*n. Let s be -86*9/(-6) + -1. Let t = c + s. Calculate the greatest common divisor of 6 and t.
6
Let a = 6 - -24. Suppose 0 = 4*u - 3*u - 3. Calculate the greatest common factor of u and a.
3
Let g be 1 + 8/(12/3). Suppose 4*t = 4, g*d - 10 = -2*t + t. Let q be (-5 - d)/((-3)/6). Calculate the highest common factor of 40 and q.
8
Suppose 4 + 6 = -2*y, -3*y = -3*q + 315. What is the greatest common factor of q and 250?
50
Let w(g) = 6*g + 69. Let l be w(-6). Calculate the greatest common divisor of 55 and l.
11
Suppose 8*r - 5 = 331. Let l = 35 - 7. What is the greatest common factor of r and l?
14
Let g(m) be the first derivative of -m**2/2 + 37*m + 5. Let j be g(22). Calculate the greatest common divisor of j and 135.
15
Suppose g + 4*u - 30 = -g, -g + 16 = 3*u. Let y = -112 - -110. Let d be y*(-1)/(-3) + 3689/93. Calculate the highest common factor of d and g.
13
Let z(t) = -2*t**2 - 13*t + 7. Let a be z(-7). Let p be (0 - (1 + a)) + 87 + 2. Calculate the greatest common divisor of 8 and p.
8
Let z be 5 + (0 - 1) + -47. Let k = 75 + z. What is the highest common divisor of 24 and k?
8
Suppose w + 3*z = -w, -5*z = 10. Suppose -184 = -7*x + w*x. Suppose 2*r = o - 3*r - 5, 5*o - x = 4*r. Calculate the greatest common factor of o and 50.
10
Suppose -u = -1 - 3. Let f be 170 + (48/(-4))/u. Suppose 4*v - 493 = f. What is the highest common divisor of v and 15?
15
Suppose 14*y = 28*y - 448. Calculate the greatest common factor of 272 and y.
16
Let a(f) = -20 + 3 - f + 2*f. Let j be a(-5). Let w = 32 + j. Calculate the greatest common divisor of 100 and w.
10
Suppose 5*c - 2*c + 12 = 0, 2*c + 12 = 2*i. Suppose -4*u + 49 = 5*m, -m = 5*u + 5 + i. What is the highest common factor of 65 and m?
13
Let q = 1 + 8. Suppose 5*l + 30 = 2*s, q*s - 4*s = -25. Let g be (-135)/(-18)*l/(-5). Calculate the greatest common divisor 